
34
What is the remainder when 2*3/(-18) - (-4904)/24 is divided by 26?
22
Let y = 27 + -25. Suppose 0 = 2*f + 4*s + 4, -3*s + y*s - 23 = -5*f. Suppose 0 = 4*r - 11 - 33. What is the remainder when r is divided by f?
3
Suppose l - 3*z = 40, 14*l - 4*z + 276 = 19*l. Calculate the remainder when 355 is divided by l.
43
Let w(z) = 2*z**3 - 37*z**2 + 21*z - 36. Calculate the remainder when 572 is divided by w(18).
14
Let m(i) = 4*i**3 + 2*i**2 + 2*i - 4. Let l be m(3). Let f = l - 74. What is the remainder when f is divided by 1/(2*(-1)/(-22))?
10
Let v(j) = 4*j + 4. Let b be v(-2). Let k(d) = d**2 + 4*d + 4. Calculate the remainder when 7 is divided by k(b).
3
Let q = -4 - -30. Calculate the remainder when q is divided by ((-14)/4 - -1)*36/(-10).
8
Let n(d) = 5*d**2 + 2*d - 1. Suppose -343*w + 10 = -341*w. What is the remainder when n(1) is divided by w?
1
Let x = -365 + 366. What is the remainder when 6 is divided by x?
0
Let m = -131 - -138. What is the remainder when 48 is divided by m?
6
Suppose -3*t = -4*r + 217, -2*r - 72*t + 116 = -76*t. What is the remainder when r is divided by 6?
4
Let i(t) = -45*t + 721. Calculate the remainder when i(15) is divided by ((-14)/3)/((-6)/9).
4
Let l = 160 - 9. Calculate the remainder when l is divided by 76.
75
Suppose -4*b = -7*b + 135. Let z = 53 - b. What is the remainder when z is divided by 4?
0
What is the remainder when (8 - 5) + 59 + -2 is divided by 16?
12
Suppose 3*w + 4*x = 335, -4*w + 436 = 4*x - 12. Let p = w - 109. Calculate the remainder when 19 is divided by p.
3
Let w = -24 - -16. Let c = -6 - w. Suppose 0 = -c*q + 116 - 38. What is the remainder when q is divided by 10?
9
Suppose 16*v - 21*v + 50 = 0. Calculate the remainder when 31 is divided by v.
1
What is the remainder when 50 is divided by 7/1 - (114 - 120)?
11
Suppose 1723 = 3*t + 39*m - 41*m, -4*t + 4*m + 2296 = 0. What is the remainder when t is divided by 58?
53
Let r = 31 + 209. Calculate the remainder when r is divided by 35.
30
Let q = -25 - -31. Let w = -8 - -8. Suppose -2*g - q + 10 = w. What is the remainder when 4 is divided by g?
0
Let q = 479 - 339. What is the remainder when q is divided by 67?
6
Let i(d) = -2*d + 1. Let l be i(17). Let m = 47 + l. Calculate the remainder when 81 is divided by m.
11
Let c(m) = m**2 + 43*m - 217. Calculate the remainder when 1384 is divided by c(-49).
75
Let z(i) = -i**3 - 6*i**2 + 6*i + 72. Calculate the remainder when 59 is divided by z(-5).
8
Let b(z) = 6*z**2 + 11*z + 5. Let s be 2/(1 + -3) + 6/(-2). Calculate the remainder when b(s) is divided by 30.
27
Suppose g - 43 = 4*m - 2*g, -1 = m - 4*g. Let p = m + 15. What is the remainder when 4 is divided by p?
0
Suppose -2769 = -23*k - 48*k. Calculate the remainder when k is divided by 9.
3
Let o = 42 - -15. Let j(k) = 5*k + 13. Let p be j(5). Let i = p + -8. What is the remainder when o is divided by i?
27
Let o be 2/3 - (-140)/6. Suppose -2*y + o = 2*y. Suppose -s - 49 = -4*g + 17, -5*g + 2*s = -81. Calculate the remainder when g is divided by y.
5
Let h be 1*(-1 - (4 + 22)). Let d = 51 + h. Suppose 2*z - d = -0*z. What is the remainder when 22 is divided by z?
10
Let n(k) = k - 12. What is the remainder when 55 is divided by n(20)?
7
Let k(l) = 4*l**2 - 4*l. Let a(z) = -z**3 + z**2 + 4. Let j be a(0). Let f be k(j). Calculate the remainder when 21 is divided by (f/(-28))/((-3)/21).
9
Suppose -2*y = -r + 7, 4*y - 2*y - 4*r + 22 = 0. Let f be (-163)/6 + (-1)/(-6). Let s = y - f. Calculate the remainder when s is divided by 7.
5
Let q = 207 - 190. Let b(t) = -t**3 - 5*t**2 + 9*t + 7. Let c be b(-7). Suppose h - c - 24 = 0. Calculate the remainder when h is divided by q.
15
Let g = 1657 - 1653. Calculate the remainder when 129 is divided by g.
1
Suppose -2*h - 105 = -7*h. Let r be (-9)/(-6) + 1041/6. Suppose 5*s + 3*q = 396, 0 = -2*s - 4*q - 25 + r. Calculate the remainder when s is divided by h.
18
Let u(k) = -23*k - 51. Suppose 24*a + 350 = 29*a. What is the remainder when a is divided by u(-3)?
16
Suppose -2*b + 452 = -10. Calculate the remainder when b is divided by 72.
15
Suppose 0 = 4*q - 167 - 93. What is the remainder when q is divided by 31?
3
Let f = 28 - 18. Let i = f - -83. What is the remainder when (-1)/((-96)/i + 1) is divided by 8?
7
Suppose -6*d - 940 = -958. Calculate the remainder when 36 is divided by d.
0
Suppose -7*u - 4 = -263. Calculate the remainder when 146 is divided by u.
35
Let h = -271 + 424. What is the remainder when h is divided by 46?
15
Let t(b) = 11*b - 8. Let c be t(4). Calculate the remainder when 1374/c + (-3)/18 is divided by 13.
12
Suppose 7*y - 26 = 317. Let r be 1/(-1*2/78). Let k = r + y. What is the remainder when 37 is divided by k?
7
Let m(p) = -p + 10. Calculate the remainder when 79 is divided by m(-17).
25
Suppose -5*f + 156 = 8*f. Calculate the remainder when 57 is divided by f.
9
Let a = -58 + 93. What is the remainder when a is divided by 19?
16
Let h be (6/(-4))/(-3)*-38. Let t = 36 + h. What is the remainder when 4/(-3 + 1) + 68 is divided by t?
15
Suppose 4*r - 2*r + 210 = 4*s, 2*r + 201 = -5*s. Let t = 56 + r. Let n = -25 - t. Calculate the remainder when 41 is divided by n.
19
Let c(s) = -s**2 + 4*s + 6. Suppose -30 = -5*o - 10. Let f be c(o). Suppose 4*w = m - 23, 52 = 3*m - w - f. Calculate the remainder when m is divided by 7.
5
Suppose -j + 2*j = 39. What is the remainder when j is divided by (6/(-7))/(21/(-245))?
9
Let n(p) = p**2 + 2*p + 7. Let m be n(-5). Let x be (11/(-22))/(1/m). What is the remainder when 43 is divided by x*(-4 - -2)/2?
10
Let m(n) = -2*n - 5. Let d be m(0). Let o(p) = p**3 + 7*p**2 + 5*p - 1. Calculate the remainder when 44 is divided by o(d).
20
Let o = -9 - -38. Let r = 15 - 0. Calculate the remainder when o is divided by r.
14
Let o = 98 + -43. Suppose 38 = w + h, -2*w + o + 21 = 4*h. Calculate the remainder when w is divided by ((-30)/(-3))/(-1)*-1.
8
Suppose 0 = 4*g + r - 44, 11 = g + 6*r - 7*r. Calculate the remainder when 196 is divided by g.
9
Let a = 2419 - 2409. What is the remainder when (37 - 2)*8/10 is divided by a?
8
Suppose 2*a = 27 - 3. Suppose -2*x - 69 + 195 = -d, 246 = 4*x + d. Calculate the remainder when (-8)/a - x/(-3) is divided by 7.
6
Let b = 10 + -1. Let x = b - 5. What is the remainder when 7 is divided by x?
3
Let d be (-1)/(-2) + 126/4. Suppose -5*s = -4*l + d, -s - 12 = -l - 3. Let n = -30 - -54. Calculate the remainder when n is divided by l.
11
Let o(i) = -23*i**3 + 4*i**2 + i - 6. Let s be o(5). Let h(c) = -c**3 + 8*c**2 - 8*c - 2. Calculate the remainder when (-1)/(-4) - s/32 is divided by h(6).
21
Suppose 4*b + 16 = 0, w + 3*b + 4 = 2*w. Let k = w - -21. Let a = 37 - k. Calculate the remainder when 69 is divided by a.
21
Let g = -167 - -189. Let i = 19 + -7. Calculate the remainder when g is divided by i.
10
Let x(w) = w**3 + 6*w**2 - 5*w + 8. Let y be (-8)/(-28) - 111/21. What is the remainder when x(y) is divided by 23?
12
Let j = 29099 - 29050. Suppose -2*w - 4*k + 72 = 0, -k + 120 = 4*w + k. Calculate the remainder when j is divided by w.
21
Let g(k) = k**3 - 8*k**2 + 4*k + 4. Let j = 24 + -14. Suppose 3*x - 2*x = j. Calculate the remainder when g(8) is divided by x.
6
Suppose 3*j - 40 = i + 9, 4*j + 5*i - 40 = 0. Let p(t) = 5*t**2 + 4*t - 5. Calculate the remainder when p(-4) is divided by j.
14
Let v = 2491 + -2486. Calculate the remainder when 147 is divided by v.
2
Suppose o - 2 = 5*s - o, 4*s - 5*o + 5 = 0. Suppose -k - 5*j = 0, s*k = 3*k + 2*j - 65. What is the remainder when 124 is divided by k?
24
Let f(t) = -5*t + 2. Let m(g) = -4*g + 1. Let a(r) = 3*f(r) - 4*m(r). Let x be a(7). Let l(n) = 2*n - 4. Calculate the remainder when 25 is divided by l(x).
11
What is the remainder when ((-384)/(-9))/((-8)/(-24)) is divided by 44?
40
Suppose 6*f + 6431 = 13*f + 52*f. What is the remainder when f is divided by 2/4 + 333/6?
53
Let b(f) = f + 19. Let j be b(17). Suppose 2*h = 35 + 51. Calculate the remainder when h is divided by 404/j - 10/45.
10
Suppose z = -3*f + 283, 2*z + 5*f - 582 = -14. Calculate the remainder when z is divided by 73.
70
Suppose 21*a - 245 + 35 = 0. Calculate the remainder when 56 is divided by a.
6
Let i = -31 - -35. Suppose i*u = 3*u + 3. What is the remainder when u is divided by 1?
0
